mber?
True
Let p(u) = -7*u**2 + 2*u + 29. Let c be p(15). Let b = 2739 + c. Is b prime?
True
Let v = -28303 - -43244. Is v a prime number?
False
Let r(w) = 366*w**2 + 503*w - 100. Is r(-27) a composite number?
False
Let m = -210 - -201. Is 769/(-8)*(m - -1) composite?
False
Let h(r) = -27*r**3 + 3 - 7 + 4*r**2 - 14*r**3 + 6. Let j(c) = 124*c**3 - 11*c**2 - 5. Let k(l) = -11*h(l) - 4*j(l). Is k(-2) prime?
False
Suppose 2*g - w = 84, -w + 3*w - 140 = -3*g. Let b be 8/g - 4/22. Suppose 16168 = 4*m + 4*t, 3*m + 5*t - 12120 = -b*m. Is m a prime number?
False
Suppose 0 = -14*d + 12*d + 8568. Let z = d - 793. Is z composite?
False
Let v = 98509 + -21930. Is v composite?
False
Let m = 9 + -3. Suppose -4*z = -2*c + 8512, 2*z + m = 4*z. Suppose -5*g + c = 667. Is g a prime number?
True
Suppose 0*h - 5*h = -3*y - 125971, 0 = -4*h + 20. Is (-2*1)/(0 - (-12)/y) composite?
False
Is (-4 + 950896/(-40))*4/(32/(-20)) composite?
False
Let s = -4104 + 7103. Is s a prime number?
True
Let u = 4 + -14. Let a be u/(-35) + (-4708)/14. Let s = 1817 - a. Is s a composite number?
False
Let z(t) = -6*t + 227. Let r be z(37). Is (20/(-5) + 3)*r - -454 prime?
True
Let v be 111*(-8 + 40/(-3)). Let z = 5642 + v. Is z a prime number?
False
Let k be (-8)/(-12)*3/2. Let a = k - -2. Suppose 0*s + s + 5*g = 1419, 0 = -5*s + a*g + 6983. Is s prime?
True
Let r(j) = -166*j**3 - 407*j**3 + 3 + 223*j**3 + j. Let z be r(-3). Suppose x - b = -2*x + 5668, 5*x - z = b. Is x a composite number?
True
Suppose -3*r + 4*j = 12 - 30, r - 4*j = 14. Let c(s) = 60*s**2 + 13 + 18 + 23*s - 58*s**r. Is c(-24) a prime number?
True
Let y(v) = 10951*v - 701. Is y(10) a prime number?
False
Suppose 0 = -7*u + 18 + 17. Is u/((-2)/(-428)*2) composite?
True
Suppose p = -5*s + 20, 3*p - 5*s = 6*p - 20. Suppose p = -2*w + 7 - 3. Suppose w*a = 5*n - 1117, -5*n - a = 4*a - 1110. Is n prime?
True
Let t = -1871 + 1642. Let d(b) = 133*b + 4. Let l be d(4). Let m = t + l. Is m a composite number?
False
Let o = -749 + 1895. Let c = 1427 + o. Suppose -9*q + c = -1198. Is q composite?
False
Suppose -3*s - 14 = -5*n + 4, -2*s - 2 = 0. Suppose -d + n*d = 656. Suppose -1222 = -10*m + d. Is m a composite number?
True
Let y(f) = -86*f**2 - 39*f + 68. Let h be y(-38). Is (h/(-12) + -4)/((-2)/(-4)) a composite number?
False
Let v(o) = 30*o**2 + 18*o**2 - 8*o - 18 - 44*o**2 + 11*o**2. Suppose -a + 13 = -3*d, -2*d - a - 9 = -2*a. Is v(d) prime?
False
Suppose -2*g + 18988 = 3*b - 31863, 2*g - 3*b - 50857 = 0. Let p = -15754 + g. Is p prime?
False
Let a be (-101372)/(-13) - (4 + (-108)/26). Let u = 14538 - a. Suppose 0 = 4*y - q - u, -2*y + 6740 = 2*y + 4*q. Is y a prime number?
False
Suppose -3*l = -31497 - 6722 - 121678. Is l prime?
True
Suppose 0 = 4*r - 54 - 2. Let a(j) = 180*j - 41. Is a(r) a composite number?
True
Let b(c) = 1387*c + 3831. Is b(38) prime?
False
Let n be (-9)/21 + 96/28. Let z be (-534481)/177 - ((-4)/n)/2. Let c = z - -5454. Is c a prime number?
False
Suppose 13230 = 323*j - 317*j. Suppose 293 = f - 5*m - j, 2504 = f + m. Is f a prime number?
True
Suppose 43*w = 22*w + 2794113. Is w a prime number?
False
Suppose -22*z + 166693 = -236391. Suppose -40*y - 3482 = -z. Is y prime?
False
Let g = -77 + 110. Suppose -14*y - 394649 = -g*y. Is y prime?
True
Suppose 36 = i - 36. Let t = 75 - i. Suppose -g + 5 = 0, p + t*g - 26 = 146. Is p prime?
True
Let k = 68557 - -281040. Is k a composite number?
True
Suppose 17*w - 5*w - 36 = 0. Suppose 4*y - 78180 = -4*r, w*y + 5*r = 4*r + 58627. Is y a prime number?
True
Suppose 0 = 5*p + h - 9 - 1, 0 = 5*p - 4*h - 10. Suppose p*z = -c + 793, 3*c - 2*z = 2*z + 2349. Is c a composite number?
False
Let c(k) = 4770*k**2 + 171*k + 977. Is c(-6) prime?
True
Let b be (-6)/(-14) + 170/(-70). Let x be b/(4 + (-11)/3). Is (-12318)/(-48) - x/16 a prime number?
True
Let h be 1/12 + 247070/120. Let t = 3500 - h. Is t composite?
True
Suppose -16202 = -4*t + 3*n, 44*n - 46*n - 4 = 0. Is t prime?
True
Let x = 969964 - 249207. Is x a composite number?
True
Let k be (-4)/(-2)*(-7)/(-2). Let y(i) be the third derivative of i**6/30 + 11*i**5/60 - i**4/4 - 3*i**3 - i**2 - 1591*i. Is y(k) a prime number?
False
Let c be (-1 + 3)/(-2) + 1/(-1). Is 10379/5 + c - (-4)/(-5) a composite number?
True
Let t be (2 + 6/(-9))/(112/420). Suppose t*a + 3*v = 43327, 7*a = 3*a + 4*v + 34636. Is a a composite number?
False
Suppose 29*j + 380954 = -6*j + 13470429. Is j a prime number?
False
Let i = 498 + -495. Suppose 0*r = i*t - 3*r - 6705, r = 2. Is t a prime number?
True
Let l(r) be the first derivative of r**4/4 - 8*r**3/3 - 15*r**2/2 + 25*r + 2. Let j = 457 + -446. Is l(j) a composite number?
False
Suppose -18 = -5*u + 7. Let r(b) = 4459*b**3 + 8*b - 7. Let a be r(1). Suppose -2*v = 4*d + v - 3547, a = 5*d - u*v. Is d composite?
True
Is (-131 - -117) + 1 + 29730 a prime number?
True
Let o = -4814 + 17037. Is o a composite number?
True
Suppose 5*g - 81 + 6 = 0. Let t(k) = k**3 - 4*k**2 - 3*k + 18. Let a be t(g). Suppose -5*l = 20, -2*i + l + a = 2*i. Is i composite?
True
Let v(i) = 7*i**3 + 26*i**2 - 79*i + 1413. Is v(28) a composite number?
False
Let k(r) = -3*r + 11*r**2 + r + 7 + 0*r - r**2. Suppose 18 = -3*q - 0*q. Is k(q) a composite number?
False
Suppose 65*u - 1148542 = 1576566 + 4587847. Is u a prime number?
True
Let z = 142862 - 36587. Is 2 + z/169 + (-2)/(-13) prime?
True
Let z(t) = 3*t**2 - 122*t - 1619. Is z(100) a composite number?
True
Let n be 15/(-1 - 2)*188/(-20). Let k be (5625/27)/5*n*3. Suppose -j = -3*x + 3729, 0 = -4*x - 2*j - 903 + k. Is x composite?
True
Suppose -8*w = 67184 - 282648. Is w a composite number?
True
Suppose u = r - 40462 - 156978, -4*u = 4*r - 789768. Is r a prime number?
True
Let o(u) = -2*u**2 - 14*u + 2. Let p be o(-7). Let l(g) = g**3 + 21 - g + 16*g - 36*g**2 + 64*g**p. Is l(-11) a prime number?
True
Let m(n) = 2*n**2 + 19*n + 35. Let d be m(-7). Is (-13)/26*(-4102 + d) composite?
True
Let m = -405306 + 705677. Is m prime?
False
Is (-1)/((-1425606)/356398 - -4) composite?
False
Let g be (1 + 5)/((-9)/(-6)). Suppose -3*n + 13046 = 4*r, -2*n + 8938 + 4106 = 4*r. Suppose 0*z - g*z = -r. Is z a prime number?
False
Suppose -4*k - k = 0, -2*w = 2*k + 1910. Suppose 7*l - 6130 - 4608 + 700 = 0. Let n = l + w. Is n a prime number?
True
Let l(r) = -8816*r - 183. Is l(-4) prime?
True
Suppose -4*o = 3*s - 606827, 2*s + 303396 = -0*o + 2*o. Is o composite?
False
Suppose 5*u - 7151 = 3*v, 4*v + v + 11965 = -u. Let x = 578 + v. Is x/4*(-3 + 1) a composite number?
False
Let n be 1173/207*(-1602)/(-2). Suppose 4*d + 5*o = -n + 46448, 4*o - 10491 = -d. Is d a prime number?
False
Suppose z - 65 = -14. Let y be -5119*(1/2)/(14/(-28)). Is (-17)/z - y/(-3)*1 prime?
False
Let y(q) = 3*q**2 + 71*q + 187. Suppose -6*a + 17 - 293 = 0. Is y(a) composite?
True
Suppose -1526773 = -4*j - 32*j + 59776871. Is j a prime number?
True
Let t be (2/(5 - 9))/(1/(-24)). Let f be 2125 - ((-2)/(-3) + t/(-18)). Let a = f - 1224. Is a composite?
True
Let j = 98 + -91. Suppose j*a - 42 = a. Suppose -a*y - 1828 = -7967. Is y composite?
False
Suppose 6*x - 2*x + 2*q = 48, 2*q = 0. Let j(s) = 2*s**3 - 7*s**2 - 13*s + 9. Let k be j(8). Suppose -x*m = m - k. Is m a prime number?
True
Suppose -5004407 = 40*i - 60121327. Is i a prime number?
True
Let q = 293 - 116. Let n(x) = -q*x + 6 - 6 + 2 + 0. Is n(-5) composite?
False
Let b(h) = -203576*h + 1659. Is b(-4) a composite number?
False
Let x = 164 - 151. Suppose 6*h - 5 = x. Suppose -2698 = -h*d + 5*q + 622, -2*d = 2*q - 2240. Is d composite?
True
Suppose 18*j - 1068151 = -32377. Is j prime?
False
Let l = 169 + -69. Let q be l/(-8)*3/((-30)/(-8)). Is ((-4)/6)/(q/1905)*1 a prime number?
True
Suppose 0 = 3*u + 2 - 17. Suppose 0 = 7*b - 5 + u. Is 6/(-9) - (5194/(-6) + b) composite?
True
Let v(p) = 1472*p**2 + 2*p. Let a be v(1). Suppose 2*i - 749 = -q, 0*q + 4*i + a = 2*q. Is q prime?
True
Let m be -1 - (-1)/(2 - 3/3). Let q be (1 - 4/(-2))*(1 - m). Suppose 7*t - 243 = -v + 2*t, 0 = 3*v - q*t - 765. Is v prime?
False
Let c be ((-48)/(-10))/(213/33370). Suppose -18*u + 22*u = -o + 1494, -3*o + c = 2*u. Is u composite?
False
Let f(a) = 151*a**2 + 14*a - 229. Is f(-48) prime?
True
Suppose 0 = -158*a + 254*a - 24187515 - 24805797. Is a composite?
True
Let n(u) = -u**3 + 